digit of 87144144?
4
What is the millions digit of 190716882?
0
What is the hundred millions digit of 1218383214?
2
What is the tens digit of 74341590?
9
What is the tens digit of 264132459?
5
What is the units digit of 491502820?
0
What is the units digit of 121200054?
4
What is the millions digit of 1194779541?
4
What is the ten thousands digit of 43643475?
4
What is the ten thousands digit of 266677859?
7
What is the thousands digit of 12527297?
7
What is the hundreds digit of 3694093435?
4
What is the ten thousands digit of 97300802?
0
What is the hundreds digit of 256282537?
5
What is the ten millions digit of 934270648?
3
What is the thousands digit of 19454120?
4
What is the hundred thousands digit of 443003008?
0
What is the millions digit of 70902545?
0
What is the units digit of 211924802?
2
What is the hundreds digit of 969063045?
0
What is the ten millions digit of 22049844?
2
What is the hundred thousands digit of 420038632?
0
What is the millions digit of 197620184?
7
What is the millions digit of 111324599?
1
What is the millions digit of 384840461?
4
What is the tens digit of 330741319?
1
What is the units digit of 1192534576?
6
What is the ten thousands digit of 251862678?
6
What is the tens digit of 110509649?
4
What is the thousands digit of 61360135?
0
What is the ten millions digit of 623343169?
2
What is the tens digit of 4290489?
8
What is the millions digit of 1654292969?
4
What is the ten thousands digit of 286108915?
0
What is the thousands digit of 3448713470?
3
What is the hundred millions digit of 294007040?
2
What is the tens digit of 15763755?
5
What is the ten millions digit of 74284532?
7
What is the units digit of 185527813?
3
What is the units digit of 487449972?
2
What is the hundred millions digit of 131328717?
1
What is the millions digit of 72396612?
2
What is the ten millions digit of 3227111829?
2
What is the ten thousands digit of 42207610?
0
What is the millions digit of 779379987?
9
What is the hundred thousands digit of 233925282?
9
What is the hundred millions digit of 132548771?
1
What is the units digit of 37024197?
7
What is the ten thousands digit of 312101?
1
What is the hundred thousands digit of 164755914?
7
What is the hundreds digit of 117177340?
3
What is the ten thousands digit of 1279727239?
2
What is the hundreds digit of 17249200?
2
What is the ten thousands digit of 171386021?
8
What is the hundred millions digit of 251032017?
2
What is the ten thousands digit of 1977298222?
9
What is the ten thousands digit of 1499932085?
3
What is the ten millions digit of 7184850547?
8
What is the thousands digit of 259750528?
0
What is the tens digit of 107202506?
0
What is the units digit of 40769646?
6
What is the tens digit of 1834953849?
4
What is the thousands digit of 8951109?
1
What is the millions digit of 36232849?
6
What is the hundred thousands digit of 3586808791?
8
What is the thousands digit of 88113994?
3
What is the hundred millions digit of 4397061183?
3
What is the millions digit of 1413128966?
3
What is the ten millions digit of 63128067?
6
What is the hundreds digit of 7245937400?
4
What is the hundred thousands digit of 469022736?
0
What is the ten thousands digit of 1491455657?
5
What is the ten thousands digit of 58398816?
9
What is the billions digit of 2999044017?
2
What is the hundred millions digit of 2544881582?
5
What is the hundred thousands digit of 99015233?
0
What is the millions digit of 117900505?
7
What is the thousands digit of 292683236?
3
What is the hundred thousands digit of 44267917?
2
What is the hundred thousands digit of 18610090?
6
What is the hundred millions digit of 678985394?
6
What is the ten thousands digit of 25452753?
5
What is the thousands digit of 57122616?
2
What is the ten millions digit of 1378200383?
7
What is the units digit of 400291502?
2
What is the hundreds digit of 791119160?
1
What is the hundred thousands digit of 158894307?
8
What is the hundreds digit of 270840609?
6
What is the units digit of 62050989?
9
What is the ten thousands digit of 65273041?
7
What is the hundred millions digit of 110917225?
1
What is the hundreds digit of 180864010?
0
What is the billions digit of 7024749851?
7
What is the tens digit of 2772775?
7
What is the thousands digit of 379081490?
1
What is the ten millions digit of 4597440713?
9
What is the ten thousands digit of 88555602?
5
What is the ten thousands digit of 138470697?
7
What is the ten millions digit of 492241907?
9
What is the tens digit of 2284020647?
4
What is the thousands digit of 13861262?
1
What is the ten thousands digit of 596453267?
5
What is the ten millions digit of 158038718?
5
What is the ten thousands digit of 169461444?
6
What is the ten millions digit of 44335740?
4
What is the billions digit of 1121996728?
1
What is the ten millions digit of 206762617?
0
What is the ten thousands digit of 2623093526?
9
What is the ten millions digit of 79705959?
7
What is the hundred thousands digit of 64773569?
7
What is the tens digit of 21784251?
5
What is the billions digit of 6608175654?
6
What is the millions digit of 135792759?
5
What is the hundreds digit of 16856159?
1
What is the ten thousands digit of 97211540?
1
What is the billions digit of 2247768377?
2
What is the thousands digit of 2839868910?
8
What is the units digit of 84427194?
4
What is the units digit of 5382522235?
5
What is the billions digit of 2841287774?
2
What is the units digit of 584670578?
8
What is the hundred millions digit of 153967586?
1
What is the millions digit of 703287885?
3
What is the hundred thousands digit of 66613664?
6
What is the hundreds digit of 63557156?
1
What is the thousands digit of 4259145476?
5
What is the tens digit of 47377547?
4
What is the hundred thousands digit of 140425471?
4
What is the hundreds digit of 36377984?
9
What is the billions digit of 1350067367?
1
What is the ten millions digit of 1677796500?
7
What is the millions digit of 48243781?
8
What is the ten thousands digit of 208511480?
1
What is the hundreds digit of 49789693?
6
What is the hundred thousands digit of 23094805?
0
What is the hundreds digit of 508556363?
3
What is the hundred thousands digit of 47295022?
2
What is the tens digit of 30938960?
6
What is the hundreds digit of 13483404?
4
What is the billions digit of 3240965317?
3
What is the units digit of 2247716888?
8
What is the ten thousands digit of 468129690?
2
What is the tens digit of 41349099?
9
What is the thousands digit of 117606535?
6
What is the ten thousands digit of 5765718393?
1
What is the hundred thousands digit of 68847214?
8
What is the thousands digit of 969668413?
8
What is the tens digit of 221644051?
5
What is the ten millions digit of 84713558?
8
What is the ten thousands digit of 533056220?
5
What is the hundred thousands digit of 2948629?
9
What is the ten millions digit of 4460565742?
6
What is the hundred thousands digit of 4590069006?
0
What is the tens digit of 4145614558?
5
What is the units digit of 1083856232?
2
What is the hundred thousands digit of 190127969?
1
What is the hundreds digit of 1844966920?
9
What is the ten millions digit of 488119342?
8
What is the millions digit of 42672035?
2
What is the hundreds digit of 28305946?
9
What is the hundred thousands digit of 28612192?
6
What is the tens digit of 1117723107?
0
What is the hundreds digit of 15424943?
9
What is the hundred thousands digit of 4875609?
8
What is the ten thousands digit of 2476925587?
2
What is the units digit of 378620160?
0
What is the thousands digit of 77247170?
7
What is the billions digit of 1305728815?
1
What is the hundred thousands digit of 45426287?
4
What is the hundred thousands digit of 76518528?
5
What is the millions digit of 467839979?
7
What is the hundreds digit of 28409705?
7
What is the millions digit of 5395589?
5
What is the thousands digit of 65120111?
0
What is the hundred thousands digit of 3591251454?
2
What is the hundred millions digit of 227342621?
2
What is the ten millions digit of 47382988?
4
What is the units digit of 204689674?
4
What is the units digit of 30707866?
6
What is the millions digit of 8282845156?
2
What is the ten thousands digit of 46847758?
4
What is the ten millions digit of 127943481?
2
What 